{"id":3,"date":"2020-04-03T13:48:57","date_gmt":"2020-04-03T13:48:57","guid":{"rendered":"http:\/\/kulturgewinn.ch\/?page_id=3"},"modified":"2020-04-16T12:29:22","modified_gmt":"2020-04-16T12:29:22","slug":"disclaimer","status":"publish","type":"page","link":"https:\/\/kulturgewinn.ch\/?page_id=3","title":{"rendered":"Disclaimer"},"content":{"rendered":"\n<h2 class=\"wp-block-heading\">Impressum<\/h2>\n\n\n\n<p>Der \u00abOffene Brief Gewinn in der Kulturarbeit\u00bb ist eine pers\u00f6nliche Initiative von Matthias Vatter, Mitinitiant der Erlesen-Genossenschaft im PROGR-Zentrum f\u00fcr Kulturproduktion (Waisenhausplatz 30, 3011 Bern) und Gr\u00fcnder\/Verleger vatter&amp;vatter AG in Bern.<br><\/p>\n\n\n\n<h4 class=\"wp-block-heading\">Kontakt<\/h4>\n\n\n\n<p>post@kulturgewinn.ch<\/p>\n\n\n\n<p>Der Offene Brief und diese Aktion verstehen sich als konstruktiven Diskussionsbeitrag \u00fcber die weitere Entwicklung der Rahmenbedingungen der Kulturarbeit und der Kulturf\u00f6rderung in der Schweiz.<\/p>\n\n\n\n<p>Die Unterzeichnenden des Offenen Briefes unterst\u00fctzen diese Diskussion und teilen die Grundhaltung des Offenen Briefes, verpflichten sich jedoch dar\u00fcber hinaus zu nichts. Die Unterzeichnenden des Offenen Briefes m\u00fcssen auch nicht mit jeder Detailformulierung einverstanden sein und anerkennen den spontanen und kurzfristigen Aspekt dieser Aktion und des Offenen Briefes.<\/p>\n\n\n\n<p>Der Projektinitiant behandelt die Aktion\/den Offenen Brief als entsprechendes Postulat und sorgt nach bestem Wissen und Gewissen daf\u00fcr, die entsprechenden Botschaften den Adressaten des Offenen Briefes (Bundesrat und Leitungspersonen der \u00f6ffentlichen Kulturf\u00f6rderung in der Schweiz) innert n\u00fctzlicher Frist zu vermitteln. Der Projektinitiant ist frei, die Aktion abzubrechen oder mit anderen Akteuren zu vernetzen.<\/p>\n\n\n\n<p>S\u00e4mtliche personenbezogenen Daten der Unterzeichnenden (auch Mailadressen!) werden lediglich als Best\u00e4tigung der Unterzeichnung\/Unterst\u00fctzung des Offenen Briefes und &#8211; sofern der\/die Unterzeichnende eine Mailadresse angegeben hat &#8211; f\u00fcr Informationsmails im engen Zusammenhang mit der Aktion \u00abOffener Brief: Gewinn in der Kulturarbeit\u00bb verwendet. Es werden keine Daten weitergegeben &#8211; auch dann nicht, wenn die Aktion mit anderen Aktionen oder Institutionen vernetzt wird. Als falsch erkannte, eingetragene Daten werden gel\u00f6scht. Nach Abschluss der Aktion werden alle Daten gel\u00f6scht. Die Ber\u00fccksichtigung der einschl\u00e4gigen Bestimmungen des Schweizerischen Datenschutzrechtes werden gew\u00e4hrleistet.<\/p>\n\n\n\n<p>Die Inhalte auf der Website kulturgewinn.ch sind urheberrechtlich gesch\u00fctzt. Der\/die Unterzeichnende ist f\u00fcr die Richtigkeit und Gesetzm\u00e4ssigkeit der von ihm\/ihr eingegebenen Informationen und Daten selbst verantwortlich und stellt den Projektinitianten Matthias Vatter, die Erlesen-Genossenschaft oder auch den Verlag vatter&amp;vatter mit ihrer Unterzeichnung von s\u00e4mtlichen denkbaren Haftungsfragen oder Anspr\u00fcchen frei. Der Initiant Matthias Vatter kann unpassende oder gesetzlich verbotene Eintr\u00e4ge jederzeit l\u00f6schen.<\/p>\n\n\n\n<p>Im Zusammenhang mit der vorliegenden Aktion \u00abOffener Brief Gewinn in der Kulturarbeit\u00bb gilt ausschliesslich Schweizerisches Recht. Gerichtsstand ist Bern.<\/p>\n","protected":false},"excerpt":{"rendered":"<p>Impressum Der \u00abOffene Brief Gewinn in der Kulturarbeit\u00bb ist eine pers\u00f6nliche Initiative von Matthias Vatter, Mitinitiant der Erlesen-Genossenschaft im PROGR-Zentrum f\u00fcr Kulturproduktion (Waisenhausplatz 30, 3011 Bern) und Gr\u00fcnder\/Verleger vatter&amp;vatter AG in Bern. Kontakt post@kulturgewinn.ch Der Offene Brief und diese Aktion verstehen sich als konstruktiven Diskussionsbeitrag \u00fcber die weitere Entwicklung der Rahmenbedingungen der Kulturarbeit und der [&hellip;]<\/p>\n","protected":false},"author":1,"featured_media":0,"parent":0,"menu_order":0,"comment_status":"closed","ping_status":"closed","template":"","meta":{"footnotes":""},"class_list":["post-3","page","type-page","status-publish","hentry"],"_links":{"self":[{"href":"https:\/\/kulturgewinn.ch\/index.php?rest_route=\/wp\/v2\/pages\/3","targetHints":{"allow":["GET"]}}],"collection":[{"href":"https:\/\/kulturgewinn.ch\/index.php?rest_route=\/wp\/v2\/pages"}],"about":[{"href":"https:\/\/kulturgewinn.ch\/index.php?rest_route=\/wp\/v2\/types\/page"}],"author":[{"embeddable":true,"href":"https:\/\/kulturgewinn.ch\/index.php?rest_route=\/wp\/v2\/users\/1"}],"replies":[{"embeddable":true,"href":"https:\/\/kulturgewinn.ch\/index.php?rest_route=%2Fwp%2Fv2%2Fcomments&post=3"}],"version-history":[{"count":2,"href":"https:\/\/kulturgewinn.ch\/index.php?rest_route=\/wp\/v2\/pages\/3\/revisions"}],"predecessor-version":[{"id":35,"href":"https:\/\/kulturgewinn.ch\/index.php?rest_route=\/wp\/v2\/pages\/3\/revisions\/35"}],"wp:attachment":[{"href":"https:\/\/kulturgewinn.ch\/index.php?rest_route=%2Fwp%2Fv2%2Fmedia&parent=3"}],"curies":[{"name":"wp","href":"https:\/\/api.w.org\/{rel}","templated":true}]}}